 divided by 21?
14
What is the remainder when 534 is divided by 318?
216
Calculate the remainder when 468 is divided by 94.
92
What is the remainder when 1224 is divided by 39?
15
What is the remainder when 556 is divided by 17?
12
What is the remainder when 1652 is divided by 150?
2
Calculate the remainder when 1844 is divided by 15.
14
What is the remainder when 4597 is divided by 63?
61
Calculate the remainder when 65 is divided by 17.
14
Calculate the remainder when 317 is divided by 46.
41
What is the remainder when 1176 is divided by 130?
6
What is the remainder when 423 is divided by 33?
27
Calculate the remainder when 52 is divided by 24.
4
What is the remainder when 10755 is divided by 163?
160
What is the remainder when 348 is divided by 17?
8
What is the remainder when 230 is divided by 50?
30
What is the remainder when 141 is divided by 48?
45
What is the remainder when 701 is divided by 118?
111
What is the remainder when 22 is divided by 13?
9
What is the remainder when 1496 is divided by 20?
16
Calculate the remainder when 344 is divided by 69.
68
What is the remainder when 2608 is divided by 12?
4
What is the remainder when 2458 is divided by 817?
7
Calculate the remainder when 241 is divided by 50.
41
Calculate the remainder when 95 is divided by 17.
10
Calculate the remainder when 318 is divided by 11.
10
What is the remainder when 412 is divided by 52?
48
What is the remainder when 3216 is divided by 248?
240
What is the remainder when 25 is divided by 14?
11
What is the remainder when 47835 is divided by 102?
99
What is the remainder when 13332 is divided by 118?
116
What is the remainder when 158 is divided by 24?
14
What is the remainder when 3341 is divided by 31?
24
What is the remainder when 465 is divided by 67?
63
Calculate the remainder when 678 is divided by 109.
24
What is the remainder when 668 is divided by 94?
10
Calculate the remainder when 919 is divided by 22.
17
Calculate the remainder when 418 is divided by 28.
26
Calculate the remainder when 770 is divided by 378.
14
Calculate the remainder when 3550 is divided by 254.
248
Calculate the remainder when 868 is divided by 97.
92
Calculate the remainder when 594 is divided by 26.
22
What is the remainder when 74 is divided by 19?
17
What is the remainder when 418 is divided by 30?
28
Calculate the remainder when 33 is divided by 6.
3
Calculate the remainder when 9 is divided by 7.
2
What is the remainder when 43 is divided by 18?
7
What is the remainder when 4283 is divided by 14?
13
What is the remainder when 55876 is divided by 417?
415
Calculate the remainder when 422 is divided by 150.
122
What is the remainder when 352 is divided by 31?
11
Calculate the remainder when 97 is divided by 21.
13
What is the remainder when 911 is divided by 22?
9
Calculate the remainder when 873 is divided by 19.
18
What is the remainder when 357 is divided by 92?
81
Calculate the remainder when 1293 is divided by 108.
105
What is the remainder when 205 is divided by 79?
47
What is the remainder when 449 is divided by 41?
39
What is the remainder when 44 is divided by 2?
0
Calculate the remainder when 31 is divided by 8.
7
What is the remainder when 5074 is divided by 188?
186
What is the remainder when 275 is divided by 36?
23
Calculate the remainder when 162 is divided by 44.
30
Calculate the remainder when 1541 is divided by 30.
11
Calculate the remainder when 92 is divided by 16.
12
Calculate the remainder when 87 is divided by 35.
17
What is the remainder when 1236 is divided by 28?
4
What is the remainder when 1158 is divided by 373?
39
What is the remainder when 244 is divided by 25?
19
Calculate the remainder when 272 is divided by 13.
12
What is the remainder when 92 is divided by 84?
8
Calculate the remainder when 170 is divided by 35.
30
Calculate the remainder when 2064 is divided by 2062.
2
What is the remainder when 13418 is divided by 110?
108
What is the remainder when 283 is divided by 149?
134
What is the remainder when 468 is divided by 43?
38
What is the remainder when 457 is divided by 256?
201
What is the remainder when 130 is divided by 62?
6
What is the remainder when 1066 is divided by 22?
10
Calculate the remainder when 11938 is divided by 28.
10
Calculate the remainder when 8350 is divided by 12.
10
Calculate the remainder when 71 is divided by 18.
17
Calculate the remainder when 1693 is divided by 141.
1
What is the remainder when 1526 is divided by 1513?
13
Calculate the remainder when 71 is divided by 40.
31
What is the remainder when 569 is divided by 564?
5
Calculate the remainder when 976 is divided by 198.
184
Calculate the remainder when 1121 is divided by 63.
50
Calculate the remainder when 232 is divided by 76.
4
Calculate the remainder when 52 is divided by 30.
22
Calculate the remainder when 266 is divided by 102.
62
What is the remainder when 4399 is divided by 138?
121
Calculate the remainder when 4180 is divided by 836.
0
Calculate the remainder when 161 is divided by 156.
5
What is the remainder when 13 is divided by 2?
1
What is the remainder when 333 is divided by 13?
8
What is the remainder when 17 is divided by 10?
7
What is the remainder when 132 is divided by 8?
4
Calculate the remainder when 5458 is divided by 103.
102
Calculate the remainder when 3604 is divided by 144.
4
Calculate the remainder when 260 is divided by 56.
36
What is the remainder when 3461 is divided by 1146?
23
Calculate the remainder when 128 is divided by 28.
16
What is the remainder when 266 is divided by 67?
65
Calculate the remainder when 272 is divided by 31.
24
Calculate the remainder when 470 is divided by 26.
2
What is the remainder when 153 is divided by 40?
33
What is the remainder when 153 is divided by 86?
67
What is the remainder when 76 is divided by 45?
31
What is the remainder when 279 is divided by 7?
6
Calculate the remainder when 294 is divided by 43.
36
What is the remainder when 28 is divided by 23?
5
Calculate the remainder when 239 is divided by 27.
23
Calculate the remainder when 528 is divided by 20.
8
Calculate the remainder when 13737 is divided by 12.
9
Calculate the remainder when 3238 is divided by 1075.
13
What is the remainder when 91 is divided by 48?
43
Calculate the remainder when 22 is divided by 4.
2
Calculate the remainder when 3905 is divided by 145.
135
Calculate the remainder when 642 is divided by 14.
12
Calculate the remainder when 347 is divided by 183.
164
Calculate the remainder when 275 is divided by 147.
128
What is the remainder when 1969 is divided by 5?
4
What is the remainder when 465 is divided by 18?
15
What is the remainder when 35 is divided by 8?
3
What is the remainder when 260 is divided by 123?
14
What is the remainder when 66 is divided by 10?
6
What is the remainder when 2121 is divided by 97?
84
Calculate the remainder when 70 is divided by 67.
3
Calculate the remainder when 478 is divided by 126.
100
What is the remainder when 1564 is divided by 27?
25
Calculate the remainder when 637 is divided by 288.
61
What is the remainder when 65 is divided by 53?
12
What is the remainder when 1103 is divided by 101?
93
What is the remainder when 372 is divided by 21?
15
Calculate the remainder when 141 is divided by 8.
5
Calculate the remainder when 17393 is divided by 78.
77
Calculate the remainder when 57 is divided by 10.
7
What is the remainder when 3 is divided by 1?
0
What is the remainder when 181 is divided by 37?
33
What is the remainder when 175 is divided by 59?
57
Calculate the remainder when 153 is divided by 151.
2
What is the remainder when 2517 is divided by 105?
102
What is the remainder when 1223 is divided by 395?
38
What is the remainder when 1288 is divided by 636?
16
Calculate the remainder when 117 is divided by 61.
56
What is the remainder when 168 is divided by 19?
16
What is the remainder when 1615 is divided by 322?
5
Calculate the remainder when 530 is divided by 118.
58
What is the remainder when 126 is divided by 4?
2
Calculate the remainder when 1173 is divided by 243.
201
What is the remainder when 1431 is divided by 7?
3
What is the remainder when 70 is divided by 27?
16
What is the remainder when 3330 is divided by 14?
12
Calculate the remainder when 1061 is divided